e units digit of w?
0
Let h(u) = u**2 - 1. What is the units digit of h(5)?
4
Suppose 44*h - 153 = 43*h. What is the hundreds digit of h?
1
Let z(r) = 2*r**2 - 4*r - 5. Let j(b) = 8*b**2 + 2*b. Let d be j(-1). What is the units digit of z(d)?
3
Let y = -5 - -9. Suppose 0 = 5*c - 12 + 2. Suppose 0 = -4*x + c*v + 18, 2*x - y*v - 3 = 15. What is the units digit of x?
3
Let d = -154 - -216. What is the tens digit of d?
6
Let o = -7 - -4. Let s(y) = y**3 + 2*y - 2. Let j be s(o). What is the units digit of j/(-4) + 1/4?
9
Let w(i) = 9*i**2 + 2*i. Suppose 3*c - 10 = -2*c. Let g be w(c). What is the units digit of 3/(-2)*g/(-15)?
4
Let u(c) = -6*c - 24. What is the tens digit of u(-9)?
3
Let p(g) = -7*g**2 - 2*g + 2. Let s be p(2). Let o = -17 - s. What is the units digit of o?
3
Let h = 579 - 341. What is the units digit of h?
8
Suppose 2*z - 133 - 17 = -5*w, -3*w = z - 90. Let r = -6 + w. What is the tens digit of r?
2
Let c = 220 + -1039. What is the tens digit of c/(-28) - 1/4?
2
Let w = 5 + -3. Let h(q) = 2*q + 2. Let b be h(w). Suppose 2*p = -m + b, 3*m + p - 2 - 6 = 0. What is the units digit of m?
2
What is the hundreds digit of (60 + -36)*(1 - 26/(-6))?
1
Let s = 4 + -7. What is the units digit of (-2 - 7)/(1/s)?
7
Let t(w) = -2*w - 12. Let d be t(14). Let q = -24 - d. What is the units digit of q?
6
Suppose 3*m = -5*v + 389, 4*m - 53 = 4*v - 377. What is the tens digit of v?
7
Let x(f) = -13*f - 6. Let m(z) = 7 + 5 + 5 + 20*z - 8. Let j(p) = 5*m(p) + 8*x(p). What is the units digit of j(-6)?
1
Let w(g) = -g**2 + 18*g + 2. Let f be w(18). Let p(v) = -4*v - 3. Let n(h) = h. Let y(s) = 6*n(s) + p(s). What is the units digit of y(f)?
1
Let m(o) = 2*o**2 - 7*o + 5. What is the tens digit of m(5)?
2
Let a = -6 + 10. Suppose a = -4*v + 28. What is the units digit of v?
6
What is the units digit of 50/(-4)*(-4)/1?
0
Let a = -3 - -6. Suppose c = a*l - 13, c + 4*c = -20. What is the units digit of l?
3
Suppose 5*d = 5*y, 2*d - 5*y + 0*y + 12 = 0. Suppose d*p + 20 = 5*p. Suppose -4*l + 2*i + p = -48, 2*l - 4*i = 40. What is the units digit of l?
6
Let y = 1 + 1. Suppose -6 = -4*b + y*b. Suppose -w + 9 = -2*t - 4, 35 = b*w - 5*t. What is the units digit of w?
5
Suppose 2*r + 7 + 1 = 0. Let n(x) = x**3 + 6*x**2 + 5*x - 3. Let b be n(r). Suppose -2*z - 3*p + b = -0*p, 5*z + 5*p - 25 = 0. What is the units digit of z?
6
Let z(y) = y**3 + 11*y**2 + 7. Let n be 1/((-69)/33 + 2). What is the units digit of z(n)?
7
Suppose -g - 2 + 4 = 0. Suppose -4*h = -g*t + 22, 3*t - 1 = -5*h + 3*h. What is the units digit of t?
3
Suppose -3*n + 0 = -12. Suppose -21 = -5*o + 2*s, 0 = 5*o - n*s + 5*s - 12. What is the tens digit of -3*(-1)/o*10?
1
Let n = 14 - -27. What is the tens digit of n?
4
Let v = -54 - -130. What is the tens digit of v?
7
Let y = -8 - -20. What is the units digit of y?
2
Let s(r) = r**2 + 8*r + 4. Let m be s(-7). Let u be (2/(-6))/(m/63). Let y(d) = -d**2 + 9*d - 9. What is the units digit of y(u)?
5
Let k = -10 - -16. Suppose k*m - 3*m - 111 = 0. Suppose 4*c = 5*p + 41, -2*c + m = -4*p + 9. What is the units digit of c?
4
Let r be 1/4 + 35/20. Suppose -3 + 11 = r*n. Suppose 4*a + 0*h + 3*h - 18 = 0, 2*a - 14 = -n*h. What is the units digit of a?
3
Let v = 97 - 29. What is the units digit of v?
8
Let l = -41 - -58. What is the tens digit of l?
1
What is the units digit of (-6)/27 + 472/18?
6
Let c(k) = k**2 + 2*k + 2. Let n be c(-4). Let f = 20 - n. What is the units digit of f?
0
Let z(u) = u**2 - u. Suppose 3 + 0 = -w. Let t be (-6)/9*w/(-2). What is the units digit of z(t)?
2
Suppose 5*c - 7 = 4*v, 0*v - 2*v + 16 = 4*c. Suppose -4*i = 20, 5*a + c*i = 2*i + 10. Let j = 4 - a. What is the units digit of j?
1
Let c(u) be the second derivative of -u**5/10 + u**4/12 + u**3/6 + u**2/2 - 2*u. What is the units digit of c(-1)?
3
Let x(n) = -26*n + 29. What is the hundreds digit of x(-4)?
1
Suppose -i + 19 = -1. Suppose y - 3*y - 8 = 0, -2*a + i = -4*y. Let l = 17 - a. What is the units digit of l?
5
Let k(c) = -c**2 + 17*c - 7. What is the units digit of k(12)?
3
Suppose -184 = -w + 5*w. What is the tens digit of w/((2/1)/(-2))?
4
Let r = -3 + 5. Suppose -r*i + 15 = 3*i. What is the units digit of i?
3
Let v(s) = s**3 - 8*s**2 + 8*s - 3. Let a be v(6). Let p = a + 31. What is the units digit of p?
4
Let o(u) = -8*u + 5. What is the tens digit of o(-10)?
8
Let g = -12 + 18. What is the units digit of g?
6
Let b = 0 + 3. Suppose 3*j + 66 = b*l, -l + 18 = -5*j - 24. What is the tens digit of l?
1
Let t(q) = 11*q + 1. What is the tens digit of t(1)?
1
Let l be (-1)/(0 + (-3)/9). Let i = 10 - l. What is the units digit of i?
7
Suppose -127 - 69 = -2*b. Suppose -2 = 4*f - b. What is the units digit of f?
4
Suppose -2*a + 3*a = 40. What is the tens digit of (4/(-8))/((-2)/a)?
1
Let o be (115/10)/((-3)/(-6)). What is the tens digit of (-4 - -4 - -2) + o?
2
Let y = -9 - -8. What is the tens digit of 23 + (1 - (0 - y))?
2
Suppose -6*c + 345 = -537. What is the units digit of c?
7
Suppose 4*q + 8 = -4*a, 4*q - 2*q + 5*a = -19. Suppose 0 = 4*y - 3*n, -q*n = -2*y - 6*n + 18. What is the units digit of y?
3
What is the units digit of (-112)/3*(-33)/22?
6
Suppose -5*q + 1 = -4. What is the units digit of q?
1
Let n(f) = 5*f**2 + 7*f - 4. Let a(z) = -2*z**2 - 4*z + 2. Let y(w) = -7*a(w) - 3*n(w). Suppose -4*l - 10 = -34. What is the units digit of y(l)?
4
What is the units digit of (-61)/(-4) - (-10)/(-40)?
5
Let p = 161 - 61. What is the units digit of p?
0
Let n = -27 - -116. What is the units digit of n?
9
Let x(m) = m**2 - 2*m + 7. Let t be x(0). Let u(g) = -7*g + 7. Let a(p) = 8*p - 8. Let z(f) = -5*a(f) - 6*u(f). What is the units digit of z(t)?
2
Let g be (-105)/(-12) - (-3)/12. What is the units digit of (-1)/2*(-18)/g?
1
Suppose 3*a - 6 = 0, 0*b + 76 = 2*b + 3*a. What is the tens digit of b?
3
Suppose 4*t + 0*t - 220 = 0. Suppose 16 = -u + t. What is the units digit of u?
9
Let k(t) = -t**2 - 2*t - 1. Let l be k(-1). Suppose 4 = 4*g - l. What is the units digit of g?
1
Let x = 0 + 15. Let f(c) = c**2 - 9*c + 12. Let d be f(8). Suppose -d*j + 25 + x = 0. What is the units digit of j?
0
What is the units digit of (-6)/8 - (-184)/32?
5
Let p = 4 + -2. Suppose -p*y + 38 = -3*z, -4*y + 22 + 14 = 4*z. What is the units digit of y?
3
Let p(b) = -4*b**2 - 10*b - 14 + 3*b**2 + 5. Let z be p(-8). Suppose z*h - 5 = 2*h. What is the units digit of h?
1
What is the units digit of 7/(21/144) + 4?
2
Let f = 0 - 4. Let b = f - -6. Suppose -5*y + 12 = b. What is the units digit of y?
2
Let f = -15 + 20. Suppose 49 + 76 = f*b. What is the tens digit of b?
2
Suppose -2*b - 1869 = -9*b. What is the tens digit of b?
6
Suppose -18 = -5*x + 12. Let q = 3 + x. Let b = q - 3. What is the units digit of b?
6
Let b(u) = -2*u + 41. What is the units digit of b(-22)?
5
Let c(t) = t**3 + 12*t**2 - 6*t - 6. What is the tens digit of c(-12)?
6
Let l(s) = 9*s + 13. Let r(z) = 18*z + 27. Let o(q) = 13*l(q) - 6*r(q). Let x be o(-5). Let n = x + 56. What is the units digit of n?
8
Let b(c) = -c + 10. Let w be b(8). Let o = -4 + 6. What is the units digit of 1/o - (-9)/w?
5
Suppose 0*h - 17 = -5*u + 2*h, 0 = 3*h + 3. Suppose 5*t = 3*t - 2. Let b = u - t. What is the units digit of b?
4
Suppose 4*d = -2*i + 76, -4*d + 107 = -i + 25. What is the tens digit of d?
2
Let t(h) = h**3 - 5*h**2 + 8*h + 5. What is the units digit of t(4)?
1
Let l = 73 - 40. Let d be -1 - (-3)/((-9)/l). Let v = d - -23. What is the units digit of v?
1
Let c(a) = a - 5. Let g be c(10). Suppose j = -4*j - g*d, -j + 5*d = -18. What is the units digit of j?
3
Suppose -z = 5*p + 21, 0*p = -4*z - 3*p + 1. Suppose 0 = 3*n - 1 - 14. Let i = n - z. What is the units digit of i?
1
Suppose 2*h - 4*d = 160, -4*h + 25 = d - 313. What is the units digit of h?
4
Let u = 1 + -2. Let i = 19 + -24. Let w = u - i. What is the units digit of w?
4
Let h = 0 - -6. Suppose -h = d - 3*n - 29, 0 = -4*d + 4*n + 52. Let f = 4 + d. What is the tens digit of f?
1
Let q be 1 - 1*3/(-3). Suppose -2*w + 0*w = -q*x - 30, -3*w + 43 = -2*x. What is the tens digit of w?
1
Let o(m) = m**3 + m**2 - 7*m. What is the tens digit of o(3)?
1
Suppose 0*k + 76 = 4*k. What is the units digit of k?
9
Let i = -46 + 123. What is the units digit of i?
7
Suppose -4*j - 